{"id":96,"date":"2012-04-30T11:05:08","date_gmt":"2012-04-30T11:05:08","guid":{"rendered":"http:\/\/geroldsteiner.at\/?page_id=96"},"modified":"2023-05-12T08:57:03","modified_gmt":"2023-05-12T08:57:03","slug":"leistungen-beratung-gutachten","status":"publish","type":"page","link":"https:\/\/geroldsteiner.at\/?page_id=96","title":{"rendered":"beratung &#038; gutachten"},"content":{"rendered":"<p>Unterst\u00fctzung im Zusammenhang mit beim beabsichtigten Erwerb von Grundst\u00fccken bzw. Bestandsgeb\u00e4uden auftretenden Fragestellungen. Beratungen bei Sanierungs- bzw. Renovierungsarbeiten. Hilfestellungen im Falle von Schadensabwicklungen auch im Bereich bauphysikalischer Problemstellungen. Erstellen von Gutachten im Zusammenhang mit Immobilienbewertungen, bauphysikalischen M\u00e4ngeln sowie schadhafter Bauausf\u00fchrungen.<\/p>\n<p>&nbsp;<\/p>\n<p>&nbsp;<\/p>\n<p>&nbsp;<\/p>\n<p>&nbsp;<\/p>\n<p>&nbsp;<\/p>\n<p>&nbsp;<\/p>\n<p>&nbsp;<\/p>\n","protected":false},"excerpt":{"rendered":"<p>Unterst\u00fctzung im Zusammenhang mit beim beabsichtigten Erwerb von Grundst\u00fccken bzw. Bestandsgeb\u00e4uden auftretenden Fragestellungen. Beratungen bei Sanierungs- bzw. Renovierungsarbeiten. Hilfestellungen im Falle von Schadensabwicklungen auch im Bereich bauphysikalischer Problemstellungen. Erstellen von Gutachten im Zusammenhang mit Immobilienbewertungen, bauphysikalischen M\u00e4ngeln sowie schadhafter Bauausf\u00fchrungen. &nbsp; &nbsp; &nbsp; &nbsp; &nbsp; &nbsp; &nbsp;<\/p>\n","protected":false},"author":1,"featured_media":0,"parent":0,"menu_order":0,"comment_status":"closed","ping_status":"closed","template":"","meta":{"_et_pb_use_builder":"","_et_pb_old_content":"","_et_gb_content_width":"2880"},"_links":{"self":[{"href":"https:\/\/geroldsteiner.at\/index.php?rest_route=\/wp\/v2\/pages\/96"}],"collection":[{"href":"https:\/\/geroldsteiner.at\/index.php?rest_route=\/wp\/v2\/pages"}],"about":[{"href":"https:\/\/geroldsteiner.at\/index.php?rest_route=\/wp\/v2\/types\/page"}],"author":[{"embeddable":true,"href":"https:\/\/geroldsteiner.at\/index.php?rest_route=\/wp\/v2\/users\/1"}],"replies":[{"embeddable":true,"href":"https:\/\/geroldsteiner.at\/index.php?rest_route=%2Fwp%2Fv2%2Fcomments&post=96"}],"version-history":[{"count":4,"href":"https:\/\/geroldsteiner.at\/index.php?rest_route=\/wp\/v2\/pages\/96\/revisions"}],"predecessor-version":[{"id":1131,"href":"https:\/\/geroldsteiner.at\/index.php?rest_route=\/wp\/v2\/pages\/96\/revisions\/1131"}],"wp:attachment":[{"href":"https:\/\/geroldsteiner.at\/index.php?rest_route=%2Fwp%2Fv2%2Fmedia&parent=96"}],"curies":[{"name":"wp","href":"https:\/\/api.w.org\/{rel}","templated":true}]}}